 is the greatest common factor of 11 and 1133?
11
What is the greatest common factor of 10827 and 27?
27
Calculate the highest common factor of 28 and 133.
7
Calculate the highest common factor of 8260 and 20.
20
What is the greatest common factor of 3 and 291?
3
Calculate the highest common divisor of 1992 and 24.
24
Calculate the highest common factor of 2243 and 2.
1
What is the highest common divisor of 1598 and 141?
47
Calculate the greatest common factor of 27 and 2367.
9
Calculate the highest common factor of 156 and 300.
12
Calculate the highest common factor of 754 and 39.
13
Calculate the highest common factor of 402 and 670.
134
Calculate the highest common divisor of 12306 and 84.
42
What is the highest common factor of 207 and 2001?
69
What is the greatest common factor of 4 and 9764?
4
Calculate the highest common factor of 246 and 8733.
123
What is the greatest common factor of 40 and 920?
40
What is the highest common factor of 72 and 42?
6
What is the greatest common factor of 70 and 12?
2
What is the greatest common divisor of 21 and 9?
3
Calculate the greatest common factor of 12 and 18.
6
What is the highest common divisor of 26 and 4693?
13
What is the highest common factor of 341 and 31?
31
Calculate the highest common factor of 4 and 18.
2
Calculate the highest common factor of 133 and 19.
19
What is the greatest common factor of 18 and 1494?
18
What is the highest common factor of 1700 and 136?
68
Calculate the greatest common factor of 696 and 435.
87
What is the greatest common factor of 76 and 3781?
19
Calculate the greatest common divisor of 84 and 588.
84
What is the highest common factor of 1179 and 9?
9
What is the greatest common divisor of 1428 and 2805?
51
Calculate the highest common factor of 14 and 126.
14
Calculate the greatest common factor of 55 and 187.
11
What is the greatest common divisor of 3 and 33?
3
What is the greatest common divisor of 8848 and 336?
112
What is the greatest common divisor of 2172 and 12?
12
What is the highest common divisor of 65 and 715?
65
Calculate the greatest common divisor of 629 and 136.
17
What is the highest common factor of 135 and 150?
15
What is the greatest common factor of 104 and 16666?
26
What is the greatest common divisor of 1170 and 13?
13
What is the highest common divisor of 495 and 5973?
33
What is the highest common factor of 561 and 231?
33
What is the greatest common divisor of 7792 and 16?
16
Calculate the highest common factor of 15 and 5235.
15
What is the greatest common factor of 1775 and 71?
71
What is the highest common factor of 72 and 17436?
12
Calculate the highest common divisor of 130 and 3705.
65
Calculate the highest common divisor of 176 and 9064.
88
What is the greatest common factor of 1537 and 580?
29
What is the greatest common divisor of 121 and 33?
11
Calculate the highest common factor of 2117 and 365.
73
Calculate the greatest common factor of 29727 and 162.
81
Calculate the highest common factor of 77 and 49.
7
What is the highest common factor of 105 and 8589?
21
What is the greatest common divisor of 140 and 880?
20
What is the greatest common divisor of 405 and 90?
45
Calculate the greatest common factor of 27 and 297.
27
What is the greatest common factor of 187 and 68?
17
Calculate the greatest common factor of 14776 and 8.
8
What is the highest common divisor of 3962 and 154?
14
What is the highest common divisor of 949 and 247?
13
What is the highest common divisor of 62 and 496?
62
Calculate the highest common divisor of 296 and 37.
37
What is the highest common divisor of 30 and 2?
2
What is the highest common factor of 2136 and 24?
24
Calculate the greatest common divisor of 1558 and 82.
82
What is the highest common factor of 133 and 114?
19
What is the greatest common divisor of 20 and 1340?
20
What is the greatest common factor of 8 and 21592?
8
Calculate the highest common divisor of 1529 and 11.
11
What is the greatest common factor of 230 and 10?
10
What is the highest common divisor of 276 and 708?
12
Calculate the greatest common factor of 52 and 39182.
26
Calculate the highest common divisor of 32 and 8.
8
Calculate the highest common factor of 488 and 8.
8
What is the highest common divisor of 119 and 2771?
17
What is the highest common divisor of 42 and 20762?
14
What is the highest common factor of 18887 and 85?
17
Calculate the highest common factor of 114 and 1273.
19
Calculate the greatest common divisor of 5 and 1370.
5
Calculate the greatest common factor of 2159 and 34.
17
Calculate the highest common divisor of 639 and 355.
71
What is the highest common factor of 27 and 6?
3
What is the greatest common divisor of 58 and 4?
2
What is the greatest common factor of 80 and 80?
80
What is the greatest common divisor of 102 and 1564?
34
What is the highest common divisor of 7653 and 3?
3
Calculate the greatest common factor of 52 and 5876.
52
Calculate the highest common divisor of 138 and 621.
69
What is the highest common divisor of 267 and 48?
3
What is the highest common factor of 12 and 12?
12
Calculate the greatest common divisor of 79 and 50.
1
Calculate the greatest common factor of 4 and 694.
2
Calculate the greatest common factor of 378 and 54.
54
What is the highest common factor of 3479 and 71?
71
What is the greatest common factor of 1073 and 29?
29
What is the highest common factor of 6 and 652?
2
What is the highest common factor of 48 and 96?
48
Calculate the greatest common divisor of 248 and 16.
8
What is the highest common factor of 1917 and 18?
9
Calculate the highest common divisor of 114 and 7714.
38
Calculate the highest common factor of 299 and 46.
23
Calculate the greatest common divisor of 42 and 324.
6
Calculate the highest common factor of 16 and 14.
2
Calculate the greatest common factor of 351 and 135.
27
What is the greatest common factor of 12 and 276?
12
What is the greatest common divisor of 3354 and 234?
78
What is the greatest common divisor of 84 and 2044?
28
Calculate the highest common factor of 246 and 615.
123
Calculate the greatest common divisor of 14912 and 64.
64
Calculate the greatest common divisor of 925 and 25.
25
What is the greatest common divisor of 48 and 1488?
48
Calculate the greatest common factor of 3002 and 418.
38
Calculate the highest common divisor of 51 and 2516.
17
Calculate the greatest common divisor of 440 and 5060.
220
What is the highest common divisor of 256 and 280?
8
What is the highest common divisor of 148 and 851?
37
Calculate the highest common factor of 945 and 135.
135
Calculate the highest common factor of 1617 and 1419.
33
Calculate the greatest common factor of 520 and 80.
40
What is the greatest common divisor of 605 and 11?
11
What is the greatest common factor of 36 and 32?
4
What is the greatest common divisor of 1008 and 1596?
84
What is the greatest common divisor of 7668 and 108?
108
What is the greatest common divisor of 52 and 12324?
52
What is the highest common factor of 3 and 2?
1
Calculate the greatest common divisor of 16 and 24.
8
What is the highest common factor of 8 and 88?
8
What is the greatest common factor of 56 and 700?
28
What is the highest common divisor of 504 and 3304?
56
Calculate the greatest common factor of 175 and 35.
35
What is the highest common factor of 10807 and 101?
101
What is the greatest common factor of 4047 and 213?
213
What is the highest common factor of 17967 and 636?
159
What is the highest common factor of 9462 and 114?
114
What is the highest common divisor of 440 and 1408?
88
Calculate the greatest common factor of 28 and 2086.
14
What is the highest common divisor of 30 and 74?
2
Calculate the highest common divisor of 549 and 46482.
183
Calculate the highest common divisor of 286 and 11.
11
What is the highest common factor of 1375 and 500?
125
What is the greatest common divisor of 385 and 22?
11
What is the greatest common divisor of 2 and 56?
2
What is the greatest common divisor of 1152 and 56?
8
What is the highest common factor of 32040 and 240?
120
Calculate the greatest common factor of 16252 and 68.
68
Calculate the greatest common divisor of 496 and 1519.
31
Calculate the greatest common factor of 52 and 13.
13
What is the greatest common divisor of 25 and 725?